35) + (0 - -362921) composite?
True
Suppose -12 = -3*c + 21. Let v(b) = b**2 + 11*b - 7. Let h be v(c). Suppose h = o - 208. Is o a composite number?
False
Suppose 5*k - i = 605199, 5*k = -1845*i + 1843*i + 605187. Is k prime?
True
Let i be 2 - (-14)/7*(-2)/(-2). Suppose 8*b - 20 = i*b. Suppose -3*s + 23 = b*w - 1467, -1495 = -5*w - 2*s. Is w composite?
True
Is -1*(3 + 4)/7*-45481 a composite number?
False
Let r = -400 + 405. Suppose -27236 = -r*g - 6471. Is g a composite number?
False
Is (1399/4)/(7*5/5180) composite?
True
Suppose 6*l + 20 = l. Let d be (-3)/1 - (46 - 46). Is (l - d) + (2 - -536) + 1 prime?
False
Suppose -v - 4*v = -2*a + 68, 3*v = 5*a - 56. Let k(z) = 5 - 10*z - 7*z**3 + 14*z**3 - 9*z**2 - 8*z**3. Is k(v) a composite number?
False
Let w(l) = 33411*l + 2708. Is w(3) prime?
False
Suppose 0 = -5*d - 2*v - 227, -3*d + 0*v - 3*v - 129 = 0. Let t be d*(6 - 4)*-1. Suppose 0 = -a + 64 + t. Is a prime?
False
Let h = 2004 - 505. Suppose 5*y - h = 726. Is y prime?
False
Let c = 1 - -3. Let w be ((-19065)/82)/((-3)/138 - 0). Suppose -3*p - 2*f + c*f = -w, -3*f + 7117 = 2*p. Is p a prime number?
False
Suppose 0 = -484*q + 315*q + 13685451. Is q composite?
True
Suppose u + 33398 = -3*w, -w - 10*u - 11137 = -14*u. Let j = 28402 + w. Is j prime?
False
Let n(g) = 19172*g - 999. Is n(23) a composite number?
True
Suppose 0 = 31*m - 13*m - 7164. Suppose 0 = -i - 10*c + 13*c + m, 2*c = 2*i - 784. Is i a prime number?
True
Suppose -4*z + 91 = z - 2*f, 4*f = -4*z + 56. Let t(c) = -c + 11. Let j be t(z). Let b(r) = 10*r**2 - 8*r - 1. Is b(j) a prime number?
False
Let a(g) = -73888*g + 6719. Is a(-8) a prime number?
True
Suppose 2*w = 7*w + 23405. Let x = 3051 + w. Let k = 2333 + x. Is k a prime number?
False
Let k(i) = 22284*i**2 + 83*i - 165. Is k(2) a prime number?
True
Let b be (4/10)/((-2)/10). Let k be 39/(-9) - -2 - 170/(-51). Is 0 + k/b - 17458/(-28) prime?
False
Let v be (9 - -1) + (-1 - 2). Is (v + 6 - 5) + 2571 prime?
True
Is 0 + 5 + (288/84)/(6/105609) composite?
False
Suppose 7*w - 35 - 56 = 0. Let g = w - -486. Is g prime?
True
Suppose 5*t + 30 = 15*t. Let i be (117/(-6))/(t/(-944)). Suppose -4*p - 4*p + i = 0. Is p a composite number?
True
Suppose -j - 38 = -2*q - 4*j, -3*q + 35 = -j. Let c be 6*(q/3 + -4). Suppose x - c*s + 261 = 4*x, -4*x = -5*s - 371. Is x composite?
False
Suppose 0 = 8*m + 24 - 64. Suppose 0 = 2*w - 4*w - 4*f + 13594, -m*w + 33993 = 2*f. Is -2*(w/(-2) + -3) a prime number?
False
Let v(o) = 3877*o**2 + 4*o. Let y be v(-1). Let r = -2270 + y. Let b = r + 792. Is b a prime number?
False
Let j(l) = 35*l**2 + 6*l + 28. Suppose -5*d + 51 = -4*q, -q = -d + 5*d - 3. Is j(q) a prime number?
False
Let n be 0/(1 - 1 - 1). Suppose 40*a = 18*a + 8140. Suppose n = f + 4*f - a. Is f prime?
False
Suppose 0 = -4*y + 4*a - 476, y - 2*a + 153 - 33 = 0. Let c = 12891 + y. Is c a composite number?
True
Is ((-1446842)/(-8))/(-23*(-34)/3128) prime?
True
Let y = -1486 + 3648. Let x = -399 + y. Suppose -b + x = 4*r, 3*r + 435 + 1321 = b. Is b a prime number?
True
Is 69/207*(-4 - -733525) composite?
False
Let c be (-135)/(-54) - (-2)/8*-2. Suppose 0 = 5*d - 9*g + 12*g - 7712, c*g = 3*d - 4631. Is d composite?
False
Suppose -4*t = -5*r + 20119, 637 - 4660 = -r + t. Let p(z) = -32*z**3 - 2*z**2 + 9*z + 8. Let l be p(4). Let q = r + l. Is q prime?
False
Let r(f) = -6*f**2 + 33*f - 10. Let m(l) = 9*l**2 - 49*l + 15. Let a(u) = 5*m(u) + 7*r(u). Let i be (-1)/1 + 11 + 4. Is a(i) composite?
False
Suppose -315 = -4*f - 17*f. Is f/(-25) + (-16)/20*-1097 a prime number?
True
Suppose -6*i + i = 2*z - 539071, -323424 = -3*i + 5*z. Is i a prime number?
False
Suppose -2*o = -1 - 25. Suppose 89114 - 6967 = o*g. Is g prime?
False
Let t(v) = -114*v**3 + 2*v**2 - 4*v - 9. Let f be t(-4). Let y = f + -3692. Is y composite?
False
Suppose 975044 + 3622521 = 85*g. Is g prime?
False
Let s = 2253 + -1504. Is s a prime number?
False
Suppose -7*k - f - 1305 = -11*k, -340 = -k + 3*f. Suppose 0*y = -3*n - 5*y + 32, -n + 5*y + 4 = 0. Suppose -n*g = k - 2071. Is g a composite number?
True
Let h be 842*593/18 - 4/18. Suppose 24*b - h = -3523. Is b prime?
True
Let y(o) = -o**3 + 2*o**2 + 7*o - 5. Let x be y(3). Let k(t) = 574*t + 31. Is k(x) a composite number?
False
Suppose -6*k + 8*k - 6130 = 0. Suppose -5*v - 2*r + 3787 = 0, 714 = 5*v + 4*r - k. Suppose 4*t - t = 2*f - 506, 4*t + v = 3*f. Is f a composite number?
True
Let i = 172550 + -14055. Is i a composite number?
True
Suppose -c + 72 - 64 = 0. Suppose -4*t - 5*h = -c*h - 4253, -t + 5*h + 1042 = 0. Is t a composite number?
True
Let s = 3820160 - 1171125. Is s composite?
True
Suppose 88 - 48 = -4*s. Is (-12 - s) + (1 - (-11438 + 2)) a composite number?
True
Let r(i) be the first derivative of 17*i**4/4 + 2*i**3/3 - i**2/2 - 25*i - 2. Is r(6) prime?
False
Let k be ((-7803)/(-34))/((-3)/(-12)). Suppose 3*u - 14601 + k = 0. Is u a composite number?
False
Let k = 13235 - -2594. Is k composite?
True
Is 5266434/(-2)*(-313)/939 composite?
False
Let h(q) = 161*q**2 - 10*q - 4. Let o = 53 - 48. Let x be h(o). Suppose 0 = -0*w - 2*w + 4*v + 1598, 2*v = 5*w - x. Is w a prime number?
False
Let s = -3 + 6. Let n(u) = 28*u**3 + 30*u**2 + u + 5. Let o(b) = 56*b**3 + 70*b**2 + 2*b + 11. Let m(d) = 7*n(d) - 3*o(d). Is m(s) a composite number?
False
Suppose w - 451867 = i, -5*w + 1215*i = 1217*i - 2259279. Is w a composite number?
False
Let t(d) = -d - 8. Let i(a) = -8. Let q(r) = 2*i(r) - 3*t(r). Let p be q(-2). Suppose 0 = -3*h - 4*b + 917, 6*b - 303 = -h + p*b. Is h a prime number?
True
Let u = -57 - -61. Is (-12542)/(30/(5/(-1)) + u) a composite number?
False
Suppose 3*d + 3*a - 1973797 = -610786, 0 = -3*d + 3*a + 1362975. Is d a composite number?
False
Let a(o) = -183*o**2 + 14*o + 267. Let b(m) = 61*m**2 - 4*m - 89. Let u(c) = -6*a(c) - 17*b(c). Is u(-6) prime?
True
Let k = 12276 + -5789. Suppose -66*o + 79*o - k = 0. Is o prime?
True
Suppose -1 = -m - 2*p, -3*p - 1 = -4*m - 30. Is (-13443)/(-2)*(-12)/90*m a prime number?
True
Suppose -59*r + 6240120 = -49*r. Suppose r = 17*w - 61819. Is w a composite number?
False
Suppose 5*x - 2*n = -4137, 0 = -5*n - 7 - 13. Let a = 1402 + x. Is a a prime number?
False
Let h be 20/(-6)*54/(-45) - 6. Is h/17 + (-266583)/(-51) prime?
True
Suppose 4*k + 4*b - 6 = 14, 3*k - 3*b = 3. Suppose 0 = k*d - w - 29692, d + 12*w - 9894 = 13*w. Is d a composite number?
True
Suppose 2*f - 520257 = 163*s - 162*s, -s = 3*f - 780398. Is f a prime number?
False
Let i = -162 - -57. Let h = 478 + i. Is h prime?
True
Let w(k) = 136*k**2 - k + 5. Let d(v) = -407*v**2 + 7*v - 12. Let p(c) = -c - 1. Let q(j) = d(j) + 4*p(j). Let b(y) = 2*q(y) + 7*w(y). Is b(-4) composite?
True
Suppose 32*s - 16780688 = -1112999 + 17893559. Is s a prime number?
False
Suppose -4*b = -2482*n + 2478*n + 622600, -2*b + 311304 = 2*n. Is n a prime number?
False
Suppose -16445170 = -76*f + 16154653 - 6146275. Is f prime?
False
Let r = -72486 - -179927. Is r composite?
False
Let a(b) = -b**2 - 4*b + 11. Let j be a(-7). Let k(m) = 37*m**2 + 13. Is k(j) a prime number?
False
Is (-360)/(-600)*(81502/3 - -1) a composite number?
False
Suppose -9*r - r = -66230. Let i = r - 4474. Is i composite?
True
Let f = 561172 - -183465. Is f a composite number?
False
Let f(u) = -3*u - 6. Let v be f(-2). Suppose 0 = 7*q - v*q - 3*q. Suppose -5*t - 227 + 1762 = q. Is t a prime number?
True
Suppose 16*j - 13 = 3. Let c be j*(((-12)/(-3))/4 - -4). Suppose 3*w - c*a - 10944 = 0, 0 = -3*w - a + 3*a + 10935. Is w composite?
False
Let y be 5/(10/14) + -1. Suppose -2*o + 3*o - y = -3*b, 2*b = -o + 3. Suppose b*d = 3*s + 4*d - 1746, 0 = -3*s + 4*d + 1731. Is s a prime number?
False
Let u(h) be the first derivative of h**3 - 15/2*h**2 - 17*h + 18. Is u(18) composite?
True
Suppose -72 = -6*a - 2*a. Suppose a*l - 2*l + 18438 = 0. Is (-1 - -2)/(-2 - 5274/l) composite?
False
Let a(b) = 2*b**3 + 19*b**2 - 50*b - 426. Let o(n) = n**3 + 10*n**2 - 26*n - 213. Let m(l) = 2*a(l) - 5*o(l). Is m(-22) composite?
True
Is (1 - 4) + (-15 - (13 - 362816/8)) a prime number?
False
Let a(f) = 19056*f - 1507. Is a(9) prime?
False
Suppose 0 = 12*j - 15*j - 60. Let x = j - -24. Suppose x*m = 1372 + 760. Is m prime?
False
Suppose 836512 + 235340 = 6*f + 6*f. Is f a prime number?
False
Sup